 216. Calculate u(15).
-159
Let o(f) = -f**3 - 13*f**2 + 47*f + 491. Calculate o(-12).
-217
Let g(b) = -b**3 - 41*b**2 - 54*b - 562. Calculate g(-40).
-2
Let m(o) = -155*o - 162. Calculate m(-1).
-7
Let l(m) = 19*m**2 + 4*m - 8. Determine l(-3).
151
Let a(v) = -v**3 + 14*v**2 + 26*v + 21. What is a(17)?
-404
Let t(s) = s**3 + 43*s**2 + 40*s + 1713. Give t(-43).
-7
Let d(q) = -q**2 + 23*q + 252. Determine d(32).
-36
Let w(u) = 23*u**2 + 176*u - 54. What is w(-8)?
10
Let n(d) = 35*d + 1669. Calculate n(-47).
24
Let n(a) = 28*a**2 - 29*a + 51. Calculate n(5).
606
Let l(t) = t**2 - 111*t - 1118. Calculate l(120).
-38
Let h(g) = -1024*g + 6142. What is h(6)?
-2
Let i(q) = 3*q**3 + 41*q**2 + 30*q + 15. Calculate i(-13).
-37
Let n(a) = -a**3 + 47*a**2 + 101*a - 153. Determine n(49).
-6
Let t(z) = z**3 - 83*z**2 + 151*z + 885. Calculate t(81).
-6
Let p(j) = 4*j**3 - 135*j**2 - 39*j - 89. Calculate p(34).
-259
Let m(s) = -2*s**2 + 231*s - 3749. Calculate m(96).
-5
Let x(q) = q**2 - 73*q + 1182. Determine x(48).
-18
Let p(q) = 2*q**3 - 28*q**2 - 65*q + 912. Determine p(14).
2
Let s(t) = -64*t**3 + 39*t + 40. Determine s(-1).
65
Let q(k) = k**2 - 13*k - 79. What is q(17)?
-11
Let j(l) = 44*l**2 + 60*l - 114. Calculate j(2).
182
Let q(k) = k**3 + 13*k**2 + 61*k + 771. What is q(-13)?
-22
Let q(k) = -410*k + 10268. Calculate q(25).
18
Let i(c) = c**3 + 21*c**2 - 42*c - 12. Calculate i(-24).
-732
Let w(u) = -33*u**2 - 1446*u + 275. What is w(-44)?
11
Let x(y) = y**2 + y + 93. Calculate x(0).
93
Let i(k) = k**3 - 20*k**2 + 64*k + 147. What is i(15)?
-18
Let g(i) = 2*i**3 + 25*i**2 + 4*i + 23. Give g(-11).
342
Let i(r) = -36*r - 25. Give i(-5).
155
Let u(i) = -i**3 + 3*i**2 + 52*i - 114. Calculate u(2).
-6
Let f(v) = 1698*v - 88290. Calculate f(52).
6
Let g(l) = -l**2 + 422*l + 3005. Give g(-7).
2
Let v(r) = 2*r**2 - 525*r - 1053. Give v(-2).
5
Let k(h) = h**3 - 118*h**2 + 68*h + 5719. Give k(117).
-14
Let w(j) = 5*j**2 - 204*j - 53. Determine w(41).
-12
Let s(r) = -123*r**2 + 21*r + 40. What is s(-2)?
-494
Let y(s) = s**2 - 2718*s - 16366. Give y(-6).
-22
Let f(q) = -136*q - 4346. Give f(-32).
6
Let d(r) = r**3 - 402*r**2 + 32656*r + 286. Give d(289).
-3
Let z(b) = -106*b - 2116. Determine z(-20).
4
Let r(v) = -107*v - 7501. Calculate r(-70).
-11
Let n(k) = -6*k**3 + 4*k**2 + 16*k + 21. Determine n(-2).
53
Let g(o) = 27*o**2 - 21*o + 20. Give g(2).
86
Let b(z) = z**3 + 54*z**2 - 59*z - 137. Give b(-55).
83
Let g(z) = z**3 + 11*z**2 + 147*z + 1374. Give g(-10).
4
Let g(t) = 3*t**2 - 1582. Determine g(-23).
5
Let b(u) = -377*u + 5652. Calculate b(15).
-3
Let g(r) = -r**3 - 218*r**2 + 1816*r + 1795. Give g(-226).
-13
Let v(m) = 935*m + 100985. Give v(-108).
5
Let m(l) = 8*l**2 + 192*l + 1125. Calculate m(-6).
261
Let i(o) = o**3 - 8*o**2 - 6*o + 50. Calculate i(8).
2
Let t(w) = 38*w - 874. Give t(23).
0
Let w(v) = 146*v + 3791. What is w(-26)?
-5
Let v(b) = -2705*b - 13523. Calculate v(-5).
2
Let f(r) = 4*r + 883. Determine f(58).
1115
Let f(c) = 140*c**2 - 17499*c - 141. Calculate f(125).
-16
Let q(h) = -h**2 + 45*h - 171. Calculate q(4).
-7
Let m(a) = 22*a**2 + 6*a + 5. Calculate m(-3).
185
Let p(r) = -2*r**3 - 17*r**2 - 20*r - 5. Give p(-8).
91
Let q(f) = -4*f**3 - 14*f**2 + 14*f + 14. Determine q(4).
-410
Let x(j) = 295*j - 1615. Determine x(5).
-140
Let z(n) = n**2 + 62*n - 1150. Give z(-77).
5
Let b(t) = t**2 + 14*t - 135. Determine b(-20).
-15
Let r(n) = n**3 - 12*n**2 - 43*n + 5. Calculate r(-3).
-1
Let o(v) = -102*v**2 + 9*v - 10. Calculate o(1).
-103
Let w(k) = 6*k**2 - 149*k - 4. Calculate w(25).
21
Let s(k) = k**2 + k - 522. What is s(0)?
-522
Let q(j) = 11*j - 346. Give q(27).
-49
Let n(k) = -9*k + 257. Give n(26).
23
Let h(k) = k**3 - 18*k**2 - 5*k - 40. Determine h(19).
226
Let v(k) = 2*k**3 - 172*k**2 - 169*k - 372. Calculate v(87).
63
Let w(l) = -156*l - 169. Calculate w(-1).
-13
Let f(z) = -2919*z - 49603. Give f(-17).
20
Let q(r) = -6*r**3 + 37*r**2 + 8*r - 89. Calculate q(6).
-5
Let d(l) = l**2 + 285*l + 19767. What is d(-120)?
-33
Let v(i) = -i**3 - 62*i**2 - 146*i - 1554. What is v(-60)?
6
Let c(j) = j**2 - 9*j + 12. Give c(5).
-8
Let l(z) = -z**3 - 7*z**2 + 35*z - 71. Determine l(-11).
28
Let m(g) = g**3 - 3*g**2 - 11*g + 22. Give m(5).
17
Let y(w) = 3*w**2 - 28*w - 9. Determine y(12).
87
Let m(u) = -11*u**3 - 513*u**2 + 189*u + 59. Give m(-47).
12
Let x(j) = 14*j + 237. Calculate x(-3).
195
Let v(b) = -270*b - 5667. Determine v(-21).
3
Let t(d) = -d**3 - 35*d**2 + 11*d + 3417. What is t(-32)?
-7
Let r(p) = -11*p**2 - 84*p + 78. Determine r(-6).
186
Let w(r) = -2*r**3 - 60*r**2 + 132*r - 75. Give w(-32).
-203
Let s(i) = 176*i - 3. What is s(0)?
-3
Let g(k) = -4*k**3 - 16*k**2 + 11*k + 17. Calculate g(-4).
-27
Let i(v) = v - 84. Give i(13).
-71
Let y(p) = p**2 + 42*p - 16. Calculate y(0).
-16
Let k(x) = 2*x**3 + 179*x**2 + 850*x + 27. Calculate k(-5).
2
Let u(f) = 4*f**2 + 38*f + 90. Determine u(-8).
42
Let a(y) = y**3 - 64*y**2 + 51*y + 1137. Give a(63).
381
Let q(j) = 107*j**2 - 23*j - 26. Determine q(-3).
1006
Let q(l) = -3*l**3 - 69*l**2 - 63*l + 67. Calculate q(-22).
1
Let k(b) = 35*b - 225. What is k(7)?
20
Let i(j) = -24*j + 161. Give i(-13).
473
Let k(o) = o**2 - 64*o - 290. Determine k(64).
-290
Let o(u) = u**2 + 1250*u + 241625. Calculate o(-239).
-4
Let f(j) = -107*j - 784. Determine f(-9).
179
Let j(x) = -25*x**2 - 1486*x + 839. Give j(-60).
-1
Let h(d) = 6264*d + 56371. Determine h(-9).
-5
Let b(q) = 16*q + 419. Give b(-14).
195
Let m(n) = -55*n + 822. Give m(14).
52
Let r(q) = -q**3 - 12*q**2 + 15*q + 104. What is r(-12)?
-76
Let p(t) = t**3 + 16*t**2 - 30*t - 39. What is p(-18)?
-147
Let u(l) = 91*l**2 + 74*l + 76. Calculate u(-1).
93
Let x(y) = y**2 - 178*y + 5693. Determine x(42).
-19
Let m(b) = 105*b**3 - 13*b**2 - 32*b - 18. Calculate m(-1).
-104
Let f(j) = -2*j**3 + 23*j**2 - 14*j - 4. Give f(12).
-316
Let a(g) = -4251*g + 25509. Calculate a(6).
3
Let p(s) = s**3 - 16*s**2 - 14*s + 247. Give p(17).
298
Let f(l) = 255*l + 6607. Give f(-26).
-23
Let c(p) = p**3 - 19*p**2 - 50*p + 119. Give c(21).
-49
Let b(i) = -i**2 - 80*i + 411. What is b(-85)?
-14
Let u(x) = 6*x**3 - 2*x**2 + 22*x - 21. Determine u(1).
5
Let f(w) = -2*w**3 - 108*w**2 + 117*w + 357. Determine f(-55).
-28
Let j(u) = u**3 + 9*u**2 - 26*u - 4. Determine j(-11).
40
Let i(t) = -90*t + 1615. What is i(18)?
-5
Let w(l) = 3*l + 11. What is w(-1)?
8
Let b(l) = 247*l - 17814. Determine b(72).
-30
Let k(q) = -21*q**2 - 805*q + 50. Calculate k(-38).
316
Let k(v) = v**2 - 14*v - 2357. Calculate k(-42).
-5
Let q(b) = -2*b**3 + 8*b**2 + 13*b - 55. Give q(4).
-3
Let j(b) = -2*b**3 - 54*b**2 + 21*b + 574. Determine j(-27).
7
Let a(j) = 9*j**2 + 172*j + 94. Calculate a(-18).
-86
Let d(x) = 28*x - 16. Calculate d(-10).
-296
Let y(s) = s**2 - 74*s - 21752. Give y(189).
-17
Let t(c) = -c**3 + 22*c**2 + 74*c + 94. What is t(25)?
69
Let f(b) = 266*b + 13797. Give f(-52).
-35
Let x(y) = -12*y - 69. Calculate x(-6).
3
Let i(f) = 2*f**3 + f**2 - 13*f + 2. Determine i(4).
94
Let y(q) = -q**3 + 18*q**2 + 21*q - 24. Give y(19).
14
Let u(n) = 4*n**2 + 52*n + 88. Give u(-11).
0
Let f(i) = -i**3 - 18*i**2 - 47*i + 135. Give f(-14).
9
Let r(q) = q**3 - 11*q + 4. Calculate r(3).
-2
Let z(c) = -c**3 - 41*c**2 - 17*c + 909. Determine z(-40).
-11
Let b(w) = -w**3 + 66*w**2 - 6*w + 416. Give b(66).
20
Let j(b) = b**3 + 36*b**2 + 64*b - 249. What is j(-34)?
-113
Let l(j) = 3*j + 55. Calculate l(-5).
40
Let k(h) = -h**3 + 18*h**2 + 323*h - 124. Give k(29).
-8
Let w(n) = 215*n - 1945. Give w(9).
-10
Let a(p) = -9*p - 378. Determine a(-47).
45
Let l(v) = 2*v**2 - 660*v + 6379. Give l(10).
-21
Let k(i) = 19*i**2 - 471*i + 340. Calculate k(24).
-20
Let b(p) = -2*p**2 + 36*p + 250. Calculate b(-8).
-166
Let l(p) = -p**2 + 1527*p + 10743. Calculate l(-7).
5
Let v(i) = i**3 + 23*i**2 - 21*i + 699. Calculate v(-25).
-26
Let t(d) = 5*d**2 + 80*d + 79. What is t(9)?
1204
Let s(n) = -2*n**2 + 36*n + 1203. What is s(35)?
13
Let v(y) = -2*y**2 - 50*y - 227. Give v(-22).
-95
Let m(p) = -61*p - 647. What is m(-10)?
-37
Let f(w) = -4*w**2 + 260*w - 7. Give f(65).
-7
Let j(a) = -2*a**3 + 38*a**2 + 6*a - 56. What is j(19)?
58
Let g(y) = -y**3 - 15*y**2 - 61*y - 66. Calculate g(-9).
-3
Let t(k) = 36*k + 13